{"id":1113,"date":"2024-04-02T14:30:13","date_gmt":"2024-04-02T13:30:13","guid":{"rendered":"https:\/\/visapress.pt\/?post_type=entidade-licenciada&#038;p=1113"},"modified":"2024-04-02T14:30:13","modified_gmt":"2024-04-02T13:30:13","slug":"comissao-de-coordenacao-e-desenvolvimento-regional-do-norte-i-p","status":"publish","type":"entidade-licenciada","link":"https:\/\/visapress.pt\/entidade-licenciada\/comissao-de-coordenacao-e-desenvolvimento-regional-do-norte-i-p\/","title":{"rendered":"Comiss\u00e3o de Coordena\u00e7\u00e3o e Desenvolvimento Regional do Norte, I.P."},"content":{"rendered":"","protected":false},"featured_media":1112,"template":"","class_list":["post-1113","entidade-licenciada","type-entidade-licenciada","status-publish","has-post-thumbnail","hentry"],"_links":{"self":[{"href":"https:\/\/visapress.pt\/api\/wp\/v2\/entidade-licenciada\/1113","targetHints":{"allow":["GET"]}}],"collection":[{"href":"https:\/\/visapress.pt\/api\/wp\/v2\/entidade-licenciada"}],"about":[{"href":"https:\/\/visapress.pt\/api\/wp\/v2\/types\/entidade-licenciada"}],"wp:featuredmedia":[{"embeddable":true,"href":"https:\/\/visapress.pt\/api\/wp\/v2\/media\/1112"}],"wp:attachment":[{"href":"https:\/\/visapress.pt\/api\/wp\/v2\/media?parent=1113"}],"curies":[{"name":"wp","href":"https:\/\/api.w.org\/{rel}","templated":true}]}}

Comissão de Coordenação e Desenvolvimento Regional do Norte, I.P.
